eatest common divisor of g and 6?
6
Suppose 24*g - 1069 = -37. Calculate the highest common divisor of g and 301.
43
Let s(v) = 12*v + 173. Let w be s(11). What is the highest common divisor of w and 244?
61
Let f(w) = 3*w. Suppose -2*o = -10, s + 4*o + 4 = 4*s. Let d be f(s). Let x = 46 + -22. What is the greatest common factor of d and x?
24
Let c = 3 - -2. Suppose 0 = c*v - 115 + 30. Suppose -v = -5*s + 23. What is the greatest common factor of 24 and s?
8
Let b(s) = s**2 + 6*s + 13. Let w be b(-3). Suppose -j = -2, -4*c + w*j = -2*c + 2. What is the highest common divisor of c and 2?
1
Let y = -17 - -30. Suppose 390 = 4*a + 26. What is the greatest common divisor of a and y?
13
Suppose 14*y - 1116 + 66 = 0. Calculate the greatest common factor of 15 and y.
15
Suppose -56 = -79*z + 77*z. Calculate the greatest common divisor of 28 and z.
28
Let f be (5 - (3 - 5))*8. Calculate the greatest common divisor of f and 392.
56
Let k(g) = g**3 + 33*g**2 - 85*g - 60. Let c be k(-35). What is the greatest common divisor of c and 45?
15
Suppose z = 5*v - 0*v + 65, 5*v = 0. Suppose -9*c + 144 = -5*c. Let d = -23 + c. What is the highest common factor of z and d?
13
Suppose l - 34 = -0*l. Suppose 5*j - 2*y - 9 = l, -y = -1. Let i be (-550)/(-30) + (-1)/3. What is the highest common divisor of i and j?
9
Suppose 5 + 15 = g - 2*w, -2*g = w - 35. What is the highest common divisor of 45 and g?
9
Let z = 70 + -26. Let m be ((-3)/1)/((-15)/(-10)) + 8. Suppose -2*b + k + 25 = 0, 4*b + 5*k + 37 = m*b. Calculate the highest common divisor of b and z.
11
Let o(b) = b**2 + b - 2. Let x be o(2). Let h = x - -3. Let a = -121 - -177. What is the greatest common divisor of a and h?
7
Let f(d) be the first derivative of -25*d**2/2 - 5*d - 1. Let l be f(-2). What is the greatest common factor of 9 and l?
9
Let b be 357/5 + (-36)/(-60). Suppose 2*m = -4*p - 26, -13 = 9*p - 4*p - 4*m. Let j be p*9/(-30)*6. Calculate the highest common factor of b and j.
9
Let m = 155 - 143. Let v = -44 + 62. What is the greatest common factor of m and v?
6
Let i(a) = -3*a + 33. Let q be i(6). Calculate the highest common divisor of 210 and q.
15
Suppose -5*r + 0*r - 132 = -v, 2*r = 4*v - 42. Let w = r + 38. Calculate the greatest common factor of w and 121.
11
Let b be 3*2/12*14. Calculate the highest common factor of b and 287.
7
Suppose -v + 22 = v. Suppose x = -v + 35. What is the greatest common divisor of 3 and x?
3
Let r = -1 + 3. Suppose -36 = r*n - 14*n. Calculate the highest common divisor of 33 and n.
3
Let s be (1/2)/((-6)/(-276)). Let v be 1/(28/35) + (-174)/(-8). Calculate the greatest common divisor of s and v.
23
Let p = -125 - -172. Calculate the highest common factor of p and 423.
47
Let t = 28 + 8. Let w(o) = 3*o. Let c be w(6). Suppose -4*b = r - c, 5*b + 2*r + 3*r - 30 = 0. Calculate the highest common divisor of t and b.
4
Let q be 1/1*(0 + 4). Let g(x) = x**2 + 10*x + 12. Let j be g(-9). Let o(v) = 4*v**2 + 2*v + 2. Let n be o(j). What is the highest common divisor of q and n?
4
Let c be 3/(1/43 + (-2 - -2)). What is the highest common divisor of c and 43?
43
Suppose -4 = 2*l - 12. Let r = -35 - -62. Let s = r + -19. Calculate the greatest common divisor of s and l.
4
Let x(w) = -3*w + 20. Let a be x(3). Calculate the greatest common divisor of a and 176.
11
Let z = 5 - 3. Let w(l) = l**3 - l**2 - 132*l + 5. Let b be w(-11). Calculate the greatest common factor of z and b.
1
Let a(l) = 4 + 4*l**2 - 3*l + 3 - 3. Let q be a(4). Calculate the highest common divisor of q and 28.
28
Let k(c) = -c**2 + 12*c + 2. Let j be k(10). Calculate the greatest common divisor of j and 22.
22
Suppose 6*j = 2*j + 28. Let a be 12/24 - (-7)/2. Let l be (-14)/(-4)*a/j. What is the greatest common factor of l and 2?
2
Let t(l) = 8*l. Suppose j - 7 = -4*m - 3, -m + 1 = 5*j. Let y be t(m). Calculate the greatest common factor of 4 and y.
4
Let v be 65 - (3 + -3)/(-3). Calculate the highest common factor of 351 and v.
13
Suppose -5*v + 47 = -2*i - 14, i = -3. Suppose -v - 8 = -t. What is the greatest common divisor of 38 and t?
19
Suppose 3*w = 2*s + 34, -3*w - 3*s + 40 = s. Let u be 6/(-8)*w/(-3). Suppose 2*q = -5*d + 9, 2*d = u - 1. Calculate the greatest common factor of 1 and q.
1
Let n(d) = 6 + 4 + 6 + 5*d + d**2. Let w be n(-9). Calculate the greatest common divisor of 78 and w.
26
Suppose 5*y = 2*m + 144 + 19, -3*m - 63 = -2*y. Calculate the greatest common divisor of 99 and y.
33
Let b(k) = -k**3 + 6*k**2 + 2*k + 5. Let c be b(5). Let l = -12 + 15. Let z be 4 + (-5 + l - -3). What is the greatest common factor of z and c?
5
Let p = 35 - 18. Let y = p + 1. What is the highest common divisor of y and 18?
18
Let o(w) = -15*w - 4. Suppose -3*v = -4*m - 8 + 2, 4*m = -4*v - 20. Let x be o(v). What is the highest common factor of x and 182?
26
Suppose 0 = -29*u + 19*u + 5880. Calculate the highest common divisor of u and 72.
12
Let o(f) = -80*f**3 + f**2 - 8*f - 8. Let k be o(-1). Calculate the highest common divisor of k and 891.
81
Let q = -374 - -626. What is the greatest common divisor of q and 168?
84
Suppose -a - 5*j = 10, -3*a - 5*j + j = 41. Let k = -107 + 182. Let t = a + k. Calculate the greatest common factor of t and 12.
12
Let y = -252 - -261. What is the highest common factor of 369 and y?
9
Let v = 15 + -9. Let p(y) = y**3 - 7*y**2 + 9*y - 3. Let g be p(v). Suppose 20*j = -0*j + 3300. Calculate the greatest common divisor of g and j.
15
Let d = 28 - -64. Suppose 2*z - 95 + 23 = -2*l, 0 = -3*l + z + d. Calculate the greatest common divisor of l and 288.
32
Suppose -4*v - 3*v = -343. Suppose j + v + 12 = 5*f, 0 = -4*f + 4*j + 52. Calculate the highest common factor of 96 and f.
12
Let l = -196 + 361. Let n(k) = -21*k**2 + 2519*k + 135. Let d be n(120). What is the highest common divisor of d and l?
15
Suppose -5*v - 26 = -c, -3*v + 66 = 8*c - 7*c. What is the highest common divisor of 3 and c?
3
Let a be 3/2*(655 - (-6 + 11)). Calculate the greatest common factor of 75 and a.
75
Let q(k) = 100*k**3 + 3*k**2 - 3. Let c be q(1). Calculate the highest common divisor of c and 20.
20
Let f be 2/3*(-126)/(-1). Suppose -m = -5*x + 1052, 7*m = x + 4*m - 216. What is the greatest common divisor of x and f?
42
Let y(g) = -17*g + 10. Let p be y(6). Let x = p - -120. What is the greatest common factor of x and 126?
14
Suppose 0 = -18*j + 21*j - 1035. What is the greatest common factor of 15 and j?
15
Let y(u) = -u**3 - 7*u**2 - 5*u - 4. Let w be y(-6). Let j = w + 25. What is the highest common divisor of 165 and j?
15
Suppose 0 = -63*j - 74 + 1901. Let p = 28 - -1. What is the highest common divisor of j and p?
29
Let f = 81 - 78. What is the highest common divisor of 1 and f?
1
Suppose s - 3*m - 22 = 0, -4*s - 5*m = -5*s + 20. Let d = 469 + -269. What is the greatest common divisor of d and s?
25
Let v(u) = u**2 - 3*u - 6. Let t be v(6). Suppose -466*s - 2*r = -464*s - 12, 4*r = 8. Calculate the highest common factor of s and t.
4
Suppose 0*r = -2*r + 32. Calculate the highest common factor of r and 48.
16
Let m be (0 - -96) + 0 + 0. Let v = -92 + 96. Suppose 3*g - 46 = -5*a, 0 = -g - 4*g - v*a + 68. Calculate the highest common divisor of m and g.
12
Let n(t) = -14*t + 176. Let y be n(12). What is the highest common divisor of 72 and y?
8
Suppose -38*t = -39*t + 36. Suppose 4*g + 5*i = i + 80, -5*g - 2*i + 112 = 0. Calculate the greatest common divisor of g and t.
12
Let s be -36*3*(-2)/(-9). Let b = -25 + 19. Let t be (33/12)/(b/s). Calculate the greatest common divisor of 33 and t.
11
Let o = 181 - 104. Suppose 0 = -4*x - 4*z + 120, -3*x + 4*z = x - 128. Suppose -3*h + 2 + x = 0. Calculate the highest common divisor of o and h.
11
Let c(y) = -y**3 + 3*y**2 + 6*y - 7. Let l be c(4). Let a(v) = 118*v**3 - v**2. Let q be a(l). What is the greatest common factor of q and 13?
13
Let h(t) = 28*t + 5. Let b be h(3). Suppose 0*s - b = 3*s - 5*f, 0 = -4*s + 5*f - 117. Let v be 304/7 - 16/s. What is the highest common divisor of v and 11?
11
Suppose 2*t + 4 = -4. Let c be (t - -5)*(10 - 1). Suppose -a + 3 + 0 = 0. What is the greatest common divisor of a and c?
3
Let i be 6810/5675 - (-1 - (-3488)/(-10)). What is the highest common divisor of i and 468?
117
Let x be 4830/63 - (-3)/9. Calcu